). Suppose -4*d + h = -d. What is the units digit of d?
8
Let u be ((-24)/(-18))/(2/(-6)). Let n be ((-4)/4)/(2/u). Suppose 0 = -n*z - 5 + 73. What is the tens digit of z?
3
Suppose -5*a + 2832 = 3*k, 2*a - 4*a + 1129 = 5*k. What is the hundreds digit of a?
5
Suppose -3*g = 2*m - 1264, -3*g - 380 + 3549 = 5*m. What is the units digit of m?
5
Let a(y) = -30*y + 252. What is the tens digit of a(-11)?
8
Suppose 13*x - 689 = 1066. What is the units digit of x?
5
Let g(l) = 8*l - 3. Suppose 3*j + 2*j = 10. Let v be g(j). Let c = 19 - v. What is the units digit of c?
6
Suppose -3*p + 6 = 36. Let j = -1137 + 1139. What is the tens digit of ((-8)/p)/(j/155)?
6
Suppose -5*l - 3*f = 1, -2*f = -2*l + 7*l - 1. What is the tens digit of l/(-2) - (-89)/2?
4
Let m = -112 + 110. What is the units digit of ((-3)/6)/(m*1/120)?
0
Let u = -381 - -1077. What is the units digit of u?
6
Let p = 931 + -646. What is the units digit of p?
5
Let y be 249 + -2*9/6. Suppose 0*b - 3*b + y = 0. What is the tens digit of b?
8
Let b be 27/9 - (1 + -2). Let x be (-14)/(b/(6/3)). Let z(s) = s**3 + 7*s**2 - 7*s - 4. What is the units digit of z(x)?
5
Let z(y) = -y**2 + 8*y + 2. Let n be z(8). Suppose 6*d - n*d = -5*j + 104, -4*d - 136 = -5*j. Let r = -7 + j. What is the tens digit of r?
1
Let q = 33 + -41. Let r(g) = 6*g + 1 + 1 - 7 + g**2. What is the units digit of r(q)?
1
Let r = -2 + 2. Let x(k) = r*k - 11 - 5*k + k + 2. What is the tens digit of x(-7)?
1
Suppose 0 = 534*i - 546*i + 7860. What is the units digit of i?
5
Let s(z) = 5*z**2 + z + 2. Let j be s(-2). Suppose x = -3*x + j. Suppose 11 = x*w - 4. What is the units digit of w?
3
Suppose 174 = -5*i - 1191. Let s = i - -413. What is the units digit of s?
0
Suppose 0 = -3*d + 6, 3*b = -5*d + 8465 - 1741. What is the thousands digit of b?
2
Let r be 4/(-18) - 28/36. Let h(v) = 5*v**3 - v**2 - v - 1. Let y be h(r). Let f = y - -7. What is the units digit of f?
1
Suppose 34184 = 32*d - 87768. What is the hundreds digit of d?
8
Let y = -9 - -14. Suppose 124 = -y*m - 191. What is the units digit of 4/(-18) + (-833)/m?
3
Let v(r) be the first derivative of -3*r**2 - 34*r - 1. What is the tens digit of v(-10)?
2
Let r(g) = -4*g**2 + 2*g - 2. Let m(h) = -3*h**2 + 3*h - 3. Let j(o) = -3*m(o) + 2*r(o). Let y be j(8). Suppose -3*z - 2 + y = 0. What is the units digit of z?
9
Suppose -5*q = -5*t + t - 12, 5*t - q - 6 = 0. Suppose -t*v + 61 = -39. What is the tens digit of v?
5
Let z(r) = -7*r**2 - 91*r**3 + 47*r**3 - 7*r + 43*r**3 - 4. Let i be z(-6). Suppose -22 = -i*t + 20. What is the tens digit of t?
2
Let k be 1/(-4) + (-1 - 122/(-8)). Suppose -k*q = -19*q + 10. What is the units digit of q?
2
Let d(r) = -53*r**3 - 3*r**2 - 2*r - 4. Let l be d(-2). Suppose 2*x = -3*y + 262, 2*x - 5*y = -x + l. What is the units digit of x?
4
Suppose -4*l - 124 = -2*s - 2*s, -4*l = 2*s - 50. Suppose x + s = -4*z, z = -0*z - 3*x - 21. Let f(a) = -a**3 - 5*a**2 + a + 4. What is the units digit of f(z)?
4
Let z = -49 + 89. Suppose -7*i = -9*i + z. What is the tens digit of i?
2
Let n = -155 + 30. Let i = 210 + n. What is the units digit of i?
5
Let v(k) = -49*k - 84. Let n(i) = -2*i - 1. Let x(p) = 21*n(p) - v(p). What is the tens digit of x(5)?
9
Let t be 6*(3 - (-66)/9). Let g = t - 54. What is the units digit of g?
8
Let g be 12/(-114) - (-6063)/19. Suppose -3*z - 561 = -8*z - 4*a, 3*z - g = 2*a. What is the hundreds digit of z?
1
Let s(p) = 2*p**2 + 14*p. Suppose -3*l = q - 4*q - 24, -4*l - 5*q = 4. Suppose 2*n + 2*n + 2 = -a, l*a = n - 42. What is the units digit of s(a)?
0
Suppose 3*s - 30 - 6435 = 0. What is the hundreds digit of s?
1
Let n be -2 + (9 - (4 - 1)). Let i be ((-2)/n)/((-7)/42). Suppose -i*p - 1 = -7. What is the units digit of p?
2
Suppose 3 = -3*q - 15. Let h = q + -15. What is the units digit of (-6)/h - 75/(-7)?
1
Suppose 19*u + 3809 = 12036. What is the hundreds digit of u?
4
Suppose 2*l + 4*v = 164, -3*v + 304 - 46 = 3*l. What is the units digit of l?
0
Suppose 10*h + 8 - 258 = 0. Suppose -h*z + 21*z + 924 = 0. What is the units digit of z?
1
Suppose 2*p - z + 46 = -15, 2*p = -3*z - 57. Let a = 81 + p. Let r = a + -25. What is the tens digit of r?
2
Suppose 6 = -5*h + 21. Let w be (h/6)/(2/28). Suppose -2*o - 134 = -w*o - 3*k, -2*o - 3*k = -59. What is the tens digit of o?
2
What is the tens digit of (-1434)/(2 + -5) + (-3 - -3)?
7
Suppose 0 = g + 3*g + 56. Let x(c) be the second derivative of c**5/20 + 13*c**4/12 - 8*c**3/3 - 10*c**2 - 2*c. What is the units digit of x(g)?
8
Let b = 22 - 16. Suppose 28 + b = i. What is the tens digit of i?
3
Suppose 1 - 82 = g. Let h be 0 + -1 + 46/(-1). Let i = h - g. What is the units digit of i?
4
Let r be 7 + -3 + 2 + -1. Suppose 0 = -z - 3*u - 6, -2 = -r*z - u + 10. Suppose -5 = -5*d - z*f, 5*f + 11 = -d - 10. What is the units digit of d?
4
Let v be (9 - (0 + -1))/(1/4). Let o = v + -9. What is the tens digit of o?
3
What is the thousands digit of -2016*(-6 + (-60)/(-18))?
5
Suppose 35*h - 31*h = -8. What is the tens digit of 3/(-2)*h - (-2616)/12?
2
Let p = -399 - -764. Suppose -29 = 2*m - p. What is the units digit of m?
8
Let t be (-17 + 2)/5*1. What is the units digit of -141*t*4/18?
4
What is the tens digit of 135838/92 + 2/(-4)?
7
What is the units digit of ((-70)/15)/((44/72)/(-11))?
4
Let i = 2 - 12. Suppose 0 = -4*u - 28 - 36. Let n = i - u. What is the units digit of n?
6
Suppose 0 = 2*n + 3*n - 75. Let i be ((-20)/n)/((-1)/(-3)). What is the units digit of ((-360)/(-70))/(i/(-14))?
8
Let f = -612 + 6499. What is the units digit of f?
7
Let r be (14/(-21))/((-2)/(-15)). Let i be (-4)/5 + (-19)/r. Suppose 0 = -i*x - 0*x + 69. What is the units digit of x?
3
Let d(g) = -20*g + 29. Let t be d(-14). Let a = -179 + t. What is the units digit of a?
0
Suppose -q + 2*k = 5, -2*q + 34 = -6*q + k. Let g be q/36 + 166/(-8). What is the tens digit of (g/14)/(2/(-20))?
1
Suppose w - 18 = -4*y, 0 = 5*w + 4*y - y - 73. Let f = 13 - w. What is the tens digit of -42*f*(-4)/(-12)?
1
Let i(o) = 4*o**3 - 65*o**2 - 33*o - 34. What is the tens digit of i(19)?
1
What is the thousands digit of 5 - ((-12)/(-2) + 0)*-398?
2
Suppose 8*v + 18624 = 24*v. What is the thousands digit of v?
1
Let o = -6 - 0. What is the tens digit of 40/o*(-627)/38?
1
Let s = -1360 - -2471. What is the hundreds digit of s?
1
Let w(o) = o - 12. Let m be w(9). What is the units digit of m/(-6) - (-810)/12?
8
Let x be 2/5 + (-69)/(-15). Suppose -184 = -x*s + 101. Suppose -3*j + 66 = -s. What is the units digit of j?
1
What is the units digit of -1 - 0 - (-9 + 19 - 627)?
6
Let a(k) be the third derivative of k**5/60 - k**4/8 - 6*k**2. Let v(u) = 2*u**3 - u**2 - u - 1. Let l be v(-1). What is the tens digit of a(l)?
1
Suppose 3*o + 299 = 2*r, o = -4*r - 4*o + 565. Suppose -10*z + 5*z = -r. Let h = z + -10. What is the tens digit of h?
1
Let c(o) = 3*o**2 - o - 1. Let r be c(-6). Let u(q) = 18*q - 328. Let a be u(14). Let i = a + r. What is the units digit of i?
7
Suppose 0 = -2*y + 5*f + 13, -f + 0*f = -2*y + 9. Suppose -3*o = -3*p - 267, -y*p - 168 = -3*o + o. What is the units digit of o?
4
Suppose d + 5*i = -2*d - 26, -20 = 2*d + 4*i. What is the units digit of 26 + -17 - (-2)/d?
8
Suppose h - 2220 = -15*c + 14*c, 5*c - 10 = 0. What is the thousands digit of h?
2
Suppose -4*p + 528 = -4*c, c - 4*c + 264 = 2*p. What is the tens digit of p/(-10)*(-1250)/75?
2
Suppose -131*l = -120*l - 572. What is the tens digit of l?
5
Let a(r) = -r**3 - 5*r**2 + 15. Let x be a(-6). Suppose d - 176 = x. What is the tens digit of d?
2
Let d(v) = 2*v + 26. Let o be d(17). Let t = -30 + o. What is the units digit of t?
0
Let j(c) = c**3 + 2*c**2 - 6*c - 36. What is the hundreds digit of j(9)?
8
Let h(y) = 2 - 2*y + 19 + 15 - 18 + 5*y**2. What is the units digit of h(-7)?
7
Let u(c) be the third derivative of c**8/6720 + c**7/504 - c**4/24 + c**2. Let w(h) be the second derivative of u(h). What is the tens digit of w(-3)?
1
Let c be -1 + -4 - (-1 + -1). Let z be (-1 + (-96)/c)*-1. Let i = 43 + z. What is the tens digit of i?
1
Let l(p) = 446*p + 16. Let s(h) = 89*h + 3. Let r(x) = -2*l(x) + 11*s(x). What is the units digit of r(2)?
5
Let s(d) = -342*d - 96. What is the hundreds digit of s(-3)?
9
Let n = 157 - 112. Suppose -r + 5*v - 135 =